- 10*o + 9 + 51*o - 8. Calculate f(2).
78
Let b(w) = w**3 + 0*w**3 + 1506*w - 8 - 1502*w + 6*w**2. Give b(-4).
8
Let z(v) = -2*v - 10. Suppose 5*a - 131 = -3*l, l = -3*l + 8. Let q be 36/(-5) + a/((-1125)/36). Determine z(q).
6
Let u(r) = r**2 - 10*r + 3. Let m be 7*(2 + 33/(-21)). Suppose 35 = 5*t - 5*d, -4*d = -5*t - m*d + 31. Calculate u(t).
-21
Let c be 1 + ((-3)/3)/(1/(-3)). Suppose -5*o = 8*w - 7*w - 10, -2*o + c = -4*w. Let g(r) = r - 12. Calculate g(w).
-12
Let m be (-1)/4 - (-13)/4. Suppose 0 = t - 5*u + 22, 3*t - 19 = -11*u + 9*u. Let z(b) = 0*b**2 - b**2 + 0*b**2 - 4 + 5*b + 4*b**2 - b**t. Give z(m).
11
Suppose 3*j - 39 = -0*j + 4*u, -4*u - 12 = 0. Let q = -1 - -3. Suppose -2*z - j - 9 = q*a, 40 = -4*z - 5*a. Let c(p) = -p**3 - 5*p**2 - 2*p - 7. Calculate c(z).
3
Let f(z) = -z**2 + 19*z + 210. Let w(u) = -273*u + 6033. Let b be w(22). What is f(b)?
-6
Let o be 34*(-3 - 0)/6. Let v = o + 27. Suppose -3*x = -8 - v. Let g(s) = s**3 - 5*s**2 - 4*s - 5. Give g(x).
7
Let h = 22 - 19. Let d be (h/(-4))/3*-4*0. Let b(w) = 13*w - 19. Let k(r) = -29*r + 39. Let n(m) = -9*b(m) - 4*k(m). Give n(d).
15
Let s(h) = -6*h**3 + 5*h**2 + 49*h + 11. Let t(k) = -2*k**3 + 2*k**2 + 18*k + 4. Let w(j) = 3*s(j) - 8*t(j). Give w(-2).
7
Let b = -313 + 929. Let n = 613 - b. Let m(i) = 4*i + 0*i + 0*i + 1. Determine m(n).
-11
Let q(o) be the second derivative of o**5/20 - 7*o**4/4 - o**3/6 + 15*o**2/2 + 274*o. Calculate q(21).
-6
Suppose 5*i = -4 + 14. Suppose -i*z - 5*p + 43 = 0, 5*p - 6 = 2*z + 1. Let q(j) = -z*j + 4*j + 3*j. Determine q(-2).
4
Let s(j) = -j**2 + 1. Let o(u) = 7*u**2 + 6*u - 4. Let n = -16 - -55. Let g = n + -38. Let h(w) = g*o(w) + 5*s(w). Calculate h(-5).
21
Let w(f) = -42*f + 31. Let r(n) = -298*n + 222. Let k(s) = -6*r(s) + 43*w(s). Calculate k(6).
-107
Let s(g) = g**2 + 10*g + 3. Let p be 4/14*42/24*0. Suppose 528 = -12*l - p*l. Let b = 35 + l. Calculate s(b).
-6
Let y be (-126)/36 - (-3)/2. Let g(b) = 2*b**3 - 6*b + 21*b + 2 + 3*b**2 - 13*b + 5*b - 5*b. Calculate g(y).
-6
Let p(g) = -3*g**3 - 2*g - g**2 + g + 22*g**3. Suppose m + 363 = 5*a, 4*a + m = -4*m + 273. Let b = a + -73. Calculate p(b).
-19
Let k(d) = 6*d**2 - d. Suppose -3*i - 4 = 2*y, 3*i + 12 = 5*y + 1. Suppose 3 = 2*q + y. Calculate k(q).
5
Let r(n) = 5*n**2 - 21*n + 60. Let q(c) = -11*c**2 + 40*c - 124. Let v(x) = -6*q(x) - 13*r(x). Give v(-34).
-2
Let f be (48/(-18) + 4)/(2/(-3)). Let o be (6/2)/((-6)/(-4)). Let j(s) = 3 + 0 + s**2 - 1 - 5 - o*s. Give j(f).
5
Let g(h) = 1 + 1 - 8*h**2 - 3 - 3*h. Suppose 0 = 448*s + 557 + 579 - 240. Calculate g(s).
-27
Let t(m) = -m**3 - 6*m**2 - 5*m + 7. Let s(y) = -y**3 - 9*y**2 - 9*y + 4. Let z be s(-8). Let c be (-45)/(-6)*40/z + 0. Suppose 8*h + c = 3*h. Calculate t(h).
7
Let l(v) = -20*v**3 - 7*v**2 + 5*v - 17. Let m(k) = -7*k**3 - 3*k**2 + 2*k - 6. Let o(u) = 6*l(u) - 17*m(u). Calculate o(8).
32
Let f(l) = -3*l**2 - 53*l + 78. Let p be f(-19). Let x(v) = -9*v**2 + 4*v - 1. Determine x(p).
-29
Let t(s) = 2*s - 6. Let i be t(4). Let l(z) = -i*z**2 - 2*z**2 + 7*z + 3*z**2 + 7. Let b = 21903 - 21895. Calculate l(b).
-1
Let s(q) = -q**3 + 7*q**2 - 30*q + 147. Let d be s(6). Let b(k) = -k**3 + 3*k**2 - 2. What is b(d)?
-2
Let g(l) = l**3 + 6*l**2 + 3*l - 7. Let o be (18/(-15))/(1/(-10)*3). Let h(b) = b**3 - 4*b**2 + b - 1. Let d be h(o). Let j be (-2)/(13/(-5) + d). Give g(j).
3
Let k(u) = -9*u - 32. Let g(r) = -13*r - 47. Let q(p) = 21*p + 58. Let v be q(-3). Let h(f) = v*g(f) + 7*k(f). What is h(-9)?
-7
Let i(g) = 22*g - 6. Suppose -9*k = -5*k + 3*t - 24, -31 = -5*k - 4*t. Calculate i(k).
60
Let m(y) = -y**2 - 5*y - 6. Let w(s) = 4*s**3 + 2*s**2 + 3*s + 7. Let a be w(-3). Let c be (115/a)/(2/8). Give m(c).
-6
Let y(t) be the second derivative of -11*t**3/6 + 32*t**2 + 311*t + 3. Calculate y(2).
42
Suppose 0 = -5*h + h + 3*w - 64, 0 = -3*w + 12. Let q be (0 - (2 + h)) + -3. Let a(m) be the first derivative of -m**3/3 + 7*m**2/2 + 5*m + 2. Calculate a(q).
-3
Suppose 7*u - 3*u = 32. Let y(s) be the third derivative of 0*s + 1/3*s**3 - 1/60*s**5 + 0 + 1/3*s**4 - 32*s**2. Determine y(u).
2
Let o(x) = x - 7. Let d(m) be the first derivative of m**2/2 - 8*m + 30. Let h(i) = 3*d(i) - 4*o(i). Determine h(7).
-3
Let y(c) = -13*c - 220*c**3 + 6 - 300*c**2 + 293*c**2 + 221*c**3. Calculate y(6).
-108
Let w(t) = -t - 22. Suppose -3*o - 14 = p, 4*o = -2*p - 461 + 437. Determine w(p).
-14
Suppose 0 = -6*u - 39 + 303. Let i(g) = u*g + 3 + 33*g - 78*g + 3. Determine i(6).
0
Let r be 6/(-33) + 48/22. Let k be (5 + -6)/(3/(-15)). Let w(t) = 200 - 200 - k*t**2. Calculate w(r).
-20
Let b(w) = -7*w. Suppose -77 = -8*s + 91. Suppose 12*a = s*a - 9. Calculate b(a).
-7
Let t(j) = -3*j**2 - j. Let v be (-7)/(-14) + 2/4. Let c be -2*((-6)/4)/(-3)*v. Calculate t(c).
-2
Suppose 0 = -6*r + 2*r - 108 + 124. Let d(g) = 7*g**2 - 4*g + 8. Determine d(r).
104
Suppose 3*t - a + 26 = 0, t + 3*a = 4*t + 18. Let h(k) be the third derivative of -k**4/24 - 7*k**3/3 - 3*k**2 - 41*k. What is h(t)?
-4
Let s be ((-20)/(-35))/((-1)/((-14)/4)). Let p be (-1 - s/(-1))*3. Let t(j) = -j**3 + 11*j + 12*j + 1 - 24*j + p*j**2. Give t(3).
-2
Let a be 6/(8/(-20)*1). Let z = -18 - a. Let k(j) = -5*j**3 - 4*j**2 + 1. Let t(d) = -27*d**3 - 20*d**2 - d + 5. Let i(x) = -11*k(x) + 2*t(x). Give i(z).
14
Let u(l) = -19*l + 152. Let f(i) = 86*i - 684. Let n(b) = 2*f(b) + 9*u(b). Let v(z) = 2*z + 8. Let y be v(8). Suppose y = 4*h - 0. Calculate n(h).
6
Let b(t) = 4*t + 7. Let p = 92 - -28. Suppose -5*d = -13*d + p. Suppose -5*v = 2*o + 36, 0*o + o = -2*v - d. Calculate b(v).
-17
Let h(q) = -118951*q + 18 + 118940*q - 23. Determine h(5).
-60
Let i(d) = -d**3 + 8*d**2 - 2*d - 7. Let p = -96 - -89. Let j(k) = 2*k**3 - 16*k**2 + 6*k + 13. Let u(b) = p*i(b) - 4*j(b). What is u(7)?
-24
Let z(g) = 16*g**2 + g + 16. Let k(n) = -46*n**2 - 2*n - 46. Let o(q) = -6*k(q) - 17*z(q). Let c = 66 + -64. Calculate o(c).
10
Let f(s) = s**2 - 3*s - 3. Let c(h) = h + 1. Suppose 0*v = 5*v - 10. Let u be c(v). Let t be f(u). Let n(l) = l**3 + 4*l**2 + 4*l + 3. Give n(t).
0
Let r = 4 - -6. Let t = 7 - r. Let v(a) = 2*a + 10 - 3*a**2 + 3*a**2 - 26 + 18 + a**2. Give v(t).
5
Let j(y) = -y - 23. Suppose q + 2*q + 12 = 0. Let d be (2 - 2)*(12/q)/(-3). Let h be d/(-3*(12/4 - 4)). Determine j(h).
-23
Let v(p) = -1114*p**3 - 8 + 2 + 1115*p**3 + 6*p**2 + 0. Let l be 4/10 - 1476/(-60). Let r = l - 31. Give v(r).
-6
Let a(u) = -5 - 2*u + 7*u + u**2 + 2. Let s be 38/9 - ((-2618)/(-198) - 13). Suppose -g + 22 = -4*w, -9*w = -4*w + s*g + 17. Calculate a(w).
-3
Let y(d) = -4*d + 28. Let r = 4031 + -4022. Give y(r).
-8
Let l(z) be the third derivative of 0*z**3 + 1/120*z**6 + 0*z - 16*z**2 - 1/60*z**5 + 0 - 1/6*z**4. Let a be (-3 - (-9)/3) + 3. What is l(a)?
6
Let r(o) = o**2. Let s(z) = -4*z**2 + 6*z + 8. Let c(x) = -3*r(x) - s(x). Let t(p) = -8*p + 47. Let h be t(5). Determine c(h).
-1
Let v(l) = -5*l**3 + l**2 + 6*l. Let h(t) = t**3 - t**2 - t + 1. Let m(a) = 4*h(a) + v(a). Suppose 2 + 1 = -3*f. Let b be f*4/(-4)*-3. Calculate m(b).
-2
Let x(o) = 3*o**2 + 11*o + 5. Let y(z) = -z**2 - z + 1. Let v(b) = -x(b) - 4*y(b). Let k = 633 + -625. Give v(k).
-1
Let v(z) = -44 + 5*z - 53 + z + 0*z + 105. Determine v(3).
26
Let p(i) be the first derivative of -i**3/3 - 8*i**2 - 41*i - 33. What is p(-11)?
14
Suppose 119*l - 135 = 114*l. Let j(u) = l + u**2 + 5*u - 4*u - 26. Determine j(-2).
3
Suppose 4*j = 8, -5 - 1 = -n + j. Let f(z) = -9 + n + 1 - 12*z. Give f(-1).
12
Let s = 12 - -30. Let u = s - 40. Let n(i) = 5*i - u*i**3 - 10*i**2 + 4*i**2 - 3*i**3 + 6*i**3. What is n(5)?
0
Let s(v) = -5*v + 46*v**2 + 18*v**2 + 4 - 63*v**2. Calculate s(6).
10
Let p(o) be the second derivative of -1/12*o**4 + 4*o - 12 - 1/2*o**2 - 11/6*o**3. Suppose -16 = -4*l, l = 5*u - 0*l + 39. Calculate p(u).
27
Let q be (32/56)/(2/21). Let w(z) = 7*z - 46. Let j be w(q). Let n(k) = -k**3 - 5*k**2 - 3*k + 3. Determine n(j).
-1
Let y(h) = 2*h**2 - 4 + 20*h - 313*h**3 + 319*h**3 - 21*h. Calculate y(-2).
-42
Let n(v) = 3 + 4 + 3*v**2 - 11*v - 4*v**2. Suppose -374*r + 368*r = 60. Determine n(r).
17
Suppose -6*w + 12 = -5*a, -6 = 35*a - 36*a. Let i(y) = -9*y + 40. What is i(w)?
-23
Let x(p) = 6*p + 9. Let d = 34 + -35. Let z be ((-12)/(-24))/((-2)/20) + 0. Let s(k) = -k - 1. L